3*p*31/6 is divided by v(8)?
8
Calculate the remainder when -210*(6/15)/((-8)/10) is divided by 22.
17
Let i(w) = -11*w**3 - 3*w**2 - 3*w + 3. Calculate the remainder when i(-3) is divided by 90.
12
Let q = 224 - 57. Let f = -17 + 41. Calculate the remainder when q is divided by f.
23
Suppose q + 4*d - 50 = d, 0 = q - 2*d - 65. Calculate the remainder when q is divided by 5*-2*(-12)/10.
11
Let h(c) = 71*c**3 + 8*c**2 - 2. Calculate the remainder when 324 is divided by h(1).
16
Let o(y) = -y**2 + 7*y + 8. Let q be o(6). Suppose q*n - 19*n + 345 = 0. Calculate the remainder when n is divided by 19.
12
Suppose 0 = -3*q - 5*u + 63, 5*q - q + 4*u - 76 = 0. Let b = 3490 - 3423. What is the remainder when b is divided by q?
3
Let b(z) = -5*z - 4. Let s be b(4). Let a = 73 + s. What is the remainder when 93 is divided by a?
44
Let d(j) = -2*j - 2. Let a be d(-1). Suppose a = 2*c + 142. Calculate the remainder when 3 + c/(-1) - 2 is divided by 15.
12
Suppose -3*o - 1068 = -9*o. What is the remainder when o is divided by 18?
16
Let i = 182 - 153. Calculate the remainder when 55 is divided by i.
26
Suppose 0 = -6*s + 19 + 5. Suppose s*d - d - 4*g - 65 = 0, -5*d - g = -116. Let q = -4 - -10. Calculate the remainder when d is divided by q.
5
Suppose -2*b + b = -127. Suppose 0 = 4*a - o - b - 58, a = -5*o + 20. What is the remainder when 179 is divided by a?
44
Let z(x) = -x**2 - 37*x - 224. What is the remainder when 177 is divided by z(-9)?
9
Calculate the remainder when 125 is divided by 23/((-690)/(-45))*44/3.
15
Let q = 2 - -12. Let t = q + -7. Calculate the remainder when t is divided by 5.
2
Suppose -25 + 383 = 2*x + 2*w, 2*x + 4*w = 366. Let v = x - 73. Let s = -68 - -103. What is the remainder when v is divided by s?
32
Let c = 122 - 52. What is the remainder when 486 is divided by c?
66
Suppose -10*o + 26 = -14. What is the remainder when o/8 - 55/(-10) is divided by 3?
0
Suppose -4*g + 123 = l, 0 = -4*g + 2*g - 2*l + 54. Calculate the remainder when 63 is divided by g.
31
Let g(h) = 2*h**2 + 4*h + 2. Let n(d) = d**3 - d**2 - 3. Let o be n(0). Let y be g(o). Suppose r - y = 18. What is the remainder when r is divided by 14?
12
Suppose -3*s = n - 28, 0 = -4*s + 2*n - 0*n + 54. Let d(x) = 7*x + 4*x + x**2 - 4 + 3*x - 9*x. What is the remainder when d(-9) is divided by s?
10
Suppose -11*h + 289 = -41. Calculate the remainder when 79 is divided by h.
19
Let c(q) = 7*q**2 + 3*q. What is the remainder when c(-3) is divided by (-21)/(-2)*(-108)/(-81)?
12
Let d(j) = j - 7. Let u(p) = -7. Let t(w) = -4*d(w) + 5*u(w). What is the remainder when 141 is divided by t(-5)?
11
Let b(m) = m**3 - 16*m**2 + 18*m - 43. Let p be b(15). Suppose 20 = -3*i + 4*c, -2*i = -7*i - c - 41. Calculate the remainder when -148*2/i*p is divided by 19.
17
Let c(j) be the first derivative of j**3/3 + j**2/2 - 7*j - 7. Let m be -12*1*(-3)/(-6). Calculate the remainder when 66 is divided by c(m).
20
Let o(j) = j. Let y be 2*(-44)/(-8) + 1. Let g = y - 6. What is the remainder when 22 is divided by o(g)?
4
Suppose 13*d - d = 216. What is the remainder when 77 is divided by d?
5
Let w(g) be the second derivative of g**4/12 - 4*g**3/3 + 9*g**2 - 5*g. What is the remainder when w(9) is divided by 8?
3
Let m(g) = 1 - 1 + 25*g**2 + 5*g**2. What is the remainder when 58 is divided by m(-1)?
28
Calculate the remainder when (-139 + -6)*(3/15 - 2) is divided by 44.
41
Suppose 0*f + f - 5*d = 101, -4*d = -f + 98. Let z = -38 - -38. Suppose z = -2*w + 3*p + 46, -w - 2*w = p - 91. Calculate the remainder when f is divided by w.
28
Suppose 3*n = -2 + 11. Suppose -5*r + 3*g + 292 = -0*r, 0 = -3*r - n*g + 156. What is the remainder when r is divided by 12?
8
Let i(k) = -157*k + 2 - 2 + 159*k. Calculate the remainder when 21 is divided by i(4).
5
Let b = 844 + -842. What is the remainder when 33 is divided by b?
1
Let n be 32 - 5/25*0. Let l = n + -10. Let t(c) = 4*c**2 - 5*c + 3. Calculate the remainder when t(-4) is divided by l.
21
Let d(f) = -f**3 - 22*f**2 - 49*f + 62. What is the remainder when d(-20) is divided by 124?
118
Let h = 2273 - 2201. Calculate the remainder when h is divided by 19.
15
Let n = 62 - -29. Calculate the remainder when n is divided by 24.
19
Suppose -55 = -3*o + 5*g, -2*o + g - 58 = -6*o. What is the remainder when 1 - (-3)/((-3)/(-40)) is divided by o?
11
Let l = 1 + 8. What is the remainder when l is divided by -1*-3*10/6?
4
Let z be -3 + -1 + 2/1. Let j(l) = 44*l**2 - 5*l - 3. Calculate the remainder when j(z) is divided by 31.
28
Let t(z) = -z**3 - 9*z**2 + 49*z + 7. What is the remainder when 196 is divided by t(-13)?
12
Suppose -3*z + 1765 = -65. What is the remainder when z is divided by 9?
7
Suppose -p + 6 = 1. Suppose 2*n + 54 = p*n. Let o(g) = -16*g + 5. What is the remainder when o(-4) is divided by n?
15
Let v = -1 + -1. Calculate the remainder when 2 + v/2 + 5 is divided by (-6)/(-26) + (-2576)/(-1456).
0
Let z be 5 - 9 - (1 + -13). Let p = 9 - z. What is the remainder when 4/36*-3*-6 is divided by p?
0
Let z(g) = 8*g - 41. Calculate the remainder when 134 is divided by z(8).
19
Suppose 0 = -5*p - 303 + 448. What is the remainder when p is divided by 8?
5
Let t(m) = 7*m - 6. Suppose 3*s = 3*l + 48, -99*l + 104*l = -2*s + 4. What is the remainder when t(4) is divided by s?
10
What is the remainder when 122 + (-2 + -1)/(36/48) is divided by 31?
25
Let s = 748 + -714. Calculate the remainder when 271 is divided by s.
33
Let p(y) = y**2 - 10*y + 25. What is the remainder when 97 is divided by p(2)?
7
Let l be (71300/(-24))/(-5) + (-1)/6. Calculate the remainder when l/24 - (-3)/12 is divided by 3.
1
Let r(o) = -o**2 + o + 89. Let a be r(0). What is the remainder when 90 is divided by a/4 - 33/(-44)?
21
Suppose 0*b + 30 = 5*y + b, -2*y + 3*b = 5. Let k(z) = 3*z**3 - 15*z**2 + 4*z - 1. What is the remainder when k(y) is divided by 10?
9
Suppose 4*j + x = 161, -4*j + 4*x + 176 = -0*x. Calculate the remainder when 118 is divided by j.
36
Suppose 7*k = 5*k + 24. Suppose -5*m = -y - 15, 3*m + y = k - 3. Let s(p) = p**3 - p**2. What is the remainder when 53 is divided by s(m)?
17
What is the remainder when 3 - 413/(21/(-3)) is divided by 13?
10
Suppose r - t = 497, -18*r + 17*r = 4*t - 472. What is the remainder when r is divided by 31?
27
Let l be ((-1)/(-1))/(2/14). Suppose -5*g - 2*v + 190 = -l*v, 5*v = 2*g - 85. What is the remainder when g is divided by 12?
11
Let l = -218 - -487. What is the remainder when l is divided by 54?
53
Let n(s) = 20*s - 397. Calculate the remainder when 158 is divided by n(22).
29
Let i = 205 - 145. Calculate the remainder when 66 is divided by (-73)/(-5) + (-36)/i.
10
Suppose 31*q - 5130 = -26*q. Calculate the remainder when q is divided by 28.
6
Let d(n) = n**2. Let c be d(-2). Suppose -39 = -5*o - 0*x + x, -5*o + 36 = -c*x. Let j(y) = 4*y + 21. Calculate the remainder when j(0) is divided by o.
5
Let u = 4 + 4. Let c(x) = -x**3 + 8*x**2 + 3*x - 7. Let o = 0 + 10. Calculate the remainder when c(u) is divided by o.
7
Let o(b) = 8*b + 15. Let d(v) = -8*v - 15. Let k(l) = 4*d(l) + 5*o(l). What is the remainder when k(7) is divided by 18?
17
Let i(h) = -h**2 + 14*h - 16. What is the remainder when i(10) is divided by (5 - -1) + 9/(-3) + 5?
0
Suppose -32*a = -53*a + 966. Calculate the remainder when 131 is divided by a.
39
Let i(a) be the second derivative of a**4/12 - 2*a**3/3 + 3*a**2 - 5*a. Let f be i(3). Calculate the remainder when 18 is divided by 1 + (6 - (f + -6)).
8
Suppose 3 = -x + 1. Let c(r) = -4*r - 3. Calculate the remainder when 13 is divided by c(x).
3
Let l = -72 + 63. Let m = 23 + l. Calculate the remainder when 39 is divided by m.
11
Suppose -n + 19*b = 23*b - 8, n - 17 = -b. What is the remainder when 102 is divided by n?
2
Let p(a) = 2*a**2 + 10*a + 14. Let u be p(-3). Suppose 26 = -u*y + 58. Calculate the remainder when 77 is divided by y.
13
Let y(s) = -2*s**2 + 23*s + 15. Let w be y(12). Suppose 5 = w*d - 8*d. What is the remainder when (-2 - (-4 - d)) + 45 is divided by 12?
10
Let w(z) be the second derivative of z**5/20 - z**4/6 - z**3 + 2*z**2 - 5*z. Let c(o) = 4*o - 14. Calculate the remainder when c(12) is divided by w(4).
10
Let z be 12 + (-1 + -3)/2. Let x = z + -7. Suppose o = -2*o + 42. What is the rema